
1
Calculate -26 - -21 - (-3 - 3 - -4).
-3
-11 + 13 + -9 + 3
-4
Evaluate 3 - (3 - -3 - 0).
-3
Calculate 3 + 5 - (19 + (-2 - 4)).
-5
Calculate -5 + 10 + 5 - 10.
0
-11 - (5 + 0 - (2 + 6))
-8
Evaluate -8 + 1 - (-11 - -6).
-2
What is the value of -3 - (-6 - -1) - 1?
1
What is the value of 3 + (11 - 6) + -14?
-6
-10 - -1 - (24 - 29)
-4
Evaluate -4 + 0 - (-13 - -7).
2
Evaluate -2 + 5 - (2 - 3).
4
What is the value of 0 + -13 - (131 - 144)?
0
Evaluate -3 - (-6 + (5 - 6)) - 4.
0
Evaluate -2 + (3 + -6 - -2).
-3
What is 8 + 3 + -12 + 1 + 0?
0
What is the value of (1 - (14 + -6)) + 5?
-2
Calculate (2 - (-2 - -2)) + (4 - 2).
4
-1 + (-4 - -9 - 6) - -4
2
What is (3 + 4 - -1) + -6 + 0?
2
Evaluate 0 + (2 - (-3 - -12) - 1).
-8
Calculate (-1 - (1 + -1)) + 2 - 0.
1
Evaluate -1 + -14 - (-12 - -19 - 14).
-8
Evaluate -5 - ((-2 - -2) + -5 - -1).
-1
What is the value of -1 + 3 + 0 - (-11 - -12)?
1
Evaluate -3 - -8 - (3 - -7).
-5
What is -2 + 2 + (3 - 9) + 2?
-4
What is the value of -3 + (-3 - -4 - -1)?
-1
What is the value of 22 + (-6 - 20) + 13?
9
Calculate 2 + (-1 - -2 - (9 + -2)).
-4
What is the value of 6 - 10 - (-3 + -2)?
1
-9 + 12 + (2 - 8)
-3
Calculate -8 + 10 + (10 - 6).
6
Calculate (9 - 12) + 0 + (1 - 1).
-3
12 + (-5 - (-9 + 12))
4
Evaluate 2 + -1 + -10 + (6 - -2).
-1
Evaluate 21 + -22 + (4 - 0).
3
Calculate 0 - 2 - 3 - -11 - 11.
-5
What is the value of 2 + -21 + 19 + (0 - -1)?
1
What is the value of (0 - 2) + -6 - -3 - 0?
-5
Calculate -1 + 1 - (-2 - (-8 + 11)).
5
What is the value of (16 - 25) + 1 + 2?
-6
(-3 - (1 + -5 - -3)) + 3
1
Calculate 0 + -6 - (-40 + 37).
-3
Evaluate 15 + -10 - (1 + 15 - 6).
-5
Evaluate -2 + 8 + -6 + -5.
-5
Calculate 1 - -3 - (-3 + 2 - -2).
3
-5 - -3 - (-4 + 0 + 7)
-5
Calculate -3 - -10 - (9 - 0).
-2
What is the value of -8 - (-8 - -3 - -1)?
-4
Evaluate (1 - 7 - 2) + (4 - 0).
-4
Evaluate 6 + -8 + -2 + 3.
-1
-2 - ((-6 + 4 - -5) + -1)
-4
7 + (10 - 13) - 12
-8
What is 13 - (3 + -4 + 13 + -5)?
6
Evaluate (9 + -23 - (3 - 10)) + 7.
0
Evaluate -9 - (-6 + 6 + -4 - -3).
-8
3 + 6 + 0 + -7 + -4
-2
Calculate -1 + 4 + -2 + 0.
1
What is the value of -3 + 7 + -11 + 3 + 2?
-2
Calculate 0 - (-10 - -5) - 6.
-1
Evaluate 10 + -3 - (0 + 2).
5
Calculate -6 + (-2 - -4 - -5) + 8.
9
Calculate 2 - 1 - -3 - -3.
7
-1 - (-1 + -3) - 1
2
2 + (-7 + 2 - -11)
8
What is -5 + 5 + (2 - -2)?
4
-9 + 1 - -6 - -1
-1
What is 8 - (8 + 6 - (-3 - 0))?
-9
(9 + -11 - -3) + -5 + 0
-4
-2 + 5 - (4 + -5)
4
Calculate (1 - (-4 + 3 - 1)) + -1.
2
Evaluate -1 + 0 + -5 - (10 - 21).
5
What is the value of (-8 - (-8 + 7)) + 11?
4
Evaluate 0 - (1 - 2) - (1 + 2).
-2
Evaluate -8 + (11 + -5 - 3 - 0).
-5
Evaluate 14 + -9 + -3 + 0 - 4.
-2
-3 + -1 + (3 - 2) + 4
1
-3 + 16 - (-5 + 9)
9
Calculate -6 + -1 + 14 + -6.
1
Evaluate -3 + 2 + 14 + -13 - 5.
-5
Calculate (1 + -3 - -4) + -4 + 0.
-2
Calculate (4 - 10) + -14 + 18 - 7.
-9
Calculate -3 + 3 + 5 + -7.
-2
0 + -1 - -11 - (6 - 1)
5
What is the value of (22 - 25 - (-6 - 1)) + -4?
0
(-3 - -11) + (-4 + -1 - -3)
6
What is the value of 1 - (1 - -6 - (1 - -1))?
-4
What is 3 - -6 - 3 - (-40 + 39)?
7
(25 - 35) + -1 + -2 + 10
-3
What is (-5 - -8) + -5 + 1?
-1
Evaluate 6 - ((-7 + -1 - -5) + 8).
1
What is the value of 6 - (-1 - (4 - 8))?
3
What is 11 + 1 + -9 + 8?
11
What is the value of (0 + 3 - 1) + (-2 - -2)?
2
Calculate -5 - -13 - 7 - (1 - -1).
-1
Calculate 3 + 2 + -9 + 5 + -4.
-3
What is -17 + (11 - 1) + 14?
7
What is the value of -6 - ((9 - 4) + -12)?
1
-2 + 1 + -2 - -8 - 3
2
Calculate 15 + -18 - (-3 - 3).
3
Evaluate -5 + (-3 - -1) + 6 + -2.
-3
What is the value of 0 + 2 - (-2 - -1 - -3)?
0
What is the value of -10 + 9 + (-1 + 3 - 0)?
1
What is the value of (2 - 1) + -1 - -3?
3
What is the value of -4 - (4 - (1 + 3))?
-4
What is 3 + -6 + (0 - -1) - 2?
-4
-4 + 0 + (2 - 3)
-5
Calculate -9 - 0 - (9 - 13).
-5
Evaluate 51 + -18 - 29 - (-1 + 15).
-10
What is the value of -3 + (-3 - -9) + -1?
2
What is 4 - (1 + (5 - 4) + -2)?
4
Calculate -18 - ((-12 - 2) + 1).
-5
What is the value of 4 + (5 - 10) - -1?
0
What is the value of -7 - (-3 - 4) - (4 + -7)?
3
Calculate (-1 - -4 - -4) + -6.
1
What is the value of 0 + (3 - 0) + -2 + -5?
-4
Calculate -6 - -3 - -3 - (17 + -18).
1
Evaluate -1 + 0 + (14 - 9) - 5.
-1
Calculate 0 + -5 + (15 - (2 - 0)).
8
What is the value of (-17 - -19) + (-1 - -4)?
5
-5 + (1 - 5) + 14
5
Calculate -2 + (-2 - -3) + 3.
2
Calculate (4 - (-3 - (-4 + -1))) + 5.
7
2 + (-9 - -8 - -5)
6
Evaluate -4 - -10 - 5 - -5 - 3.
3
Evaluate (2 - (2 - -5)) + 3.
-2
What is -4 - -9 - -1 - 5?
1
3 + 2 + 1 + -2 - 5
-1
What is the value of -4 - 0 - (95 - 101)?
2
What is -48 + 54 + -2 + -1 + 2?
5
Calculate 3 - 7 - -8 - (8 + -2).
-2
Calculate 1 + (-2 - 6) + (7 - -3).
3
Evaluate (2 - (5 - 7)) + 0 - 3.
1
Evaluate 0 - 7 - (-4 - (-4 + 7)).
0
2 - ((7 - 3) + -2)
0
Evaluate 2 + -1 + -21 + 17.
-3
-6 + 6 + -1 + 0 - 5
-6
Evaluate 1 + (0 - -2 - (3 + -4)).
4
Evaluate -3 + 3 - (2 + 5 + -3).
-4
Calculate 0 - (5 + -9 + (-2 - -5)).
1
What is the value of -1 - (1 - (11 + -3))?
6
3 + -11 + (-4 - -16)
4
-3 + (-5 - -1 - -3) - 1
-5
13 + -9 + 0 + 7 + -4
7
-5 - (-8 - -6 - 0)
-3
10 - 17 - (0 - 0)
-7
Evaluate (-129 - -122) + (0 - (-1 + -7)).
1
9 - (20 + -11 + 5)
-5
What is 5 + -8 + 10 + -8?
-1
What is the value of 1 + (0 - -2) + (-4 - 0)?
-1
Evaluate (2 - (1 - -3)) + 3.
1
What is (-5 - -6) + (1 - 6)?
-4
Calculate 16 + -12 - 3 - (-2 - 0).
3
What is (-7 - (3 + -4)) + -16 + 22?
0
-3 + (-6 - -5 - 1)
-5
What is 0 + 8 + -9 + 3?
2
What is the value of -1 + (-6 - -12) - (-4 - -2)?
7
What is 0 + -5 + 12 + -1?
6
Evaluate (0 - (7 - 5)) + (4 - 1).
1
What is the value of (-1 - -4) + -1 - 0 - 4?
-2
Evaluate -6 + -11 + (-7 - -24).
0
What is the value of 10 + 2 - (29 - 15)?
-2
What is the value of -8 + 16 - (0 + 9)?
-1
(-10 - 0 - -10) + 1
1
Calculate (7 - 2) + -1 + -5.
-1
What is the value of -1 + 1 + -4 + 7 + -1?
2
What is (0 - 1) + -1 + 2?
0
What is 1 - (-1 - -5) - (1 - 2)?
-2
Evaluate (-16 - -17) + -7 + 1.
-5
Calculate 2 - (-2 - (-7 + 3) - -2).
-2
Evaluate 5 - (1 + -4 - (0 + -6)).
2
What is the value of -27 + 34 - (-2 + 5)?
4
What is 3 + (7 - (1 - -9))?
0
What is the value of 1 + 5 + -12 + 9?
3
(0 - -2) + (7 - 2)
7
Evaluate 2 + 3 + 2 + -10 + -1.
-4
What is -1 - (0 + (-2 - -5))?
-4
What is 0 + (15 - 7) + -5 + -6?
-3
What is 2 - -1 - (-2 + 10)?
-5
What is the value of -4 - (-4 + 0) - -3?
3
What is 1 + -5 - (1 + (-4 - -1))?
-2
Evaluate (-3 + -4 + 3 - -4) + -4.
-4
What is -3 + (5 + 2 + 1 - 1)?
4
Calculate 4 + -5 + -6 + 10.
3
What is -2 + (6 - 2) - -3?
5
Calculate -2 - ((7 - 9) + (2 - 0)).
-2
-28 - -19 - (-3 - 3)
-3
5 - ((1 - 5) + 4)
5
Calculate (1 + -10 - -8) + (7 - 1).
5
Evaluate 9 - (-4 + 6 + 3).
4
Evaluate -7 + -6 + (-2 - -11).
-4
Calculate 3 - (2 + 1 + -1 + 1).
0
What is the value of 2 + -6 + (3 - -3)?
2
What is the value of 2 + -23 - (-15 + 2)?
-8
What is 1 + -6 - (-4 + 2 + -4)?
1
Calculate 4 + 8 - 8 - -4.
8
Calculate -1 - 2 - 1 - (7 - 5).
-6
1 - (5 + (4 - 5))
-3
What is 0 + -3 - (49 - 47)?
-5
What is the value of 15 - 17 - ((3 - 3) + 2)?
-4
Calculate 2 + -4 + -7 + 3 + 3.
-3
Calculate -1 + 3 - 3 - -2.
1
1 + -5 + (-8 - (-6 - 5))
-1
3 + -7 + (9 - 5)
0
Calculate -8 + 2 - (0 - 8).
2
Calculate -1 - (-8 - (-2 - -2)).
7
What is -9 - (8 - (17 - 4))?
-4
Evaluate (-6 + 2 - -3) + 3 + 4.
6
Calculate -3 - -8 - 2 - (1 - -1).
1
Calculate (-27 - -11) + 12 - (-1 + 2).
-5
What is -1 + (-3 - 3 - -5)?
-2
8 - (1 + -1 + 3)
5
Calculate (3 + -4 - 6) + 12.
5
Calculate (-5 - (-4 - 2)) + (1 - 0).
2
Evaluate 0 + 1 + -2 - (-2 + 2).
-1
What is the value of -4 - (7 - 8 - (0 - 3))?
-6
Evaluate (1 + 3 - 0 - -4) + -3.
5
What is the value of (0 - -2) + -4 - (-1 - -3)?
-4
Calculate -8 + 6 - (-6 + -8) - 6.
6
(-4 - (1 + 2)) + (-7 - -19)
5
What is 1 + -2 - 4 - (1 + -7)?
1
What is the value of 5 + -1 - (-1 + 0)?
5
Evaluate 4 - ((0 + 2 - -2) + -2).
2
What is 4 + -6 + 1 + 0 - 1?
-2
Evaluate (4 - -1) + 2 + -8.
-1
What is the value of 17 + -13 - ((1 - 1) + 4)?
0
Calculate -3 - -8 - (38 + -30).
-3
What is the value of 12 + (5 - (25 - 13))?
5
-5 - (-4 - -4 - 2)
-3
What is the value of 6 + -9 + -1 + -1?
-5
2 - (2 + -4 + -1) - 3
2
What is the value of (4 - 7 - -6) + 2?
5
What is -1 + (-7 + 7 - -2)?
1
Evaluate (-14 + 3 - -5 - -5) + 4.
3
Calculate -14 - -9 - (-2 + 3).
-6
-7 - (4 - (6 + 4 - -2))
1
What is 0 + 1 + (9 - (8 + 1))?
1
Calculate (-1 - 0) + 0 + 5.